1. Let o = n - -16. Suppose 4*b - 266 = 618. What is the remainder when b is divided by o?
21
Let p = 529 + -551. Let g(c) = -c**2 - 21*c + 33. What is the remainder when 21 is divided by g(p)?
10
Suppose 0 = -f - 8*f. Suppose f = 6*h - 2*h + 16, 2*r + 3*h = -4. Let m(t) = 21*t - 3. Calculate the remainder when m(r) is divided by 22.
15
Suppose 2*n + n = -126. Suppose 4*x - q = -205, 6*x = 5*x + q - 52. Let l = n - x. What is the remainder when 27 is divided by l?
0
Let g = 32 + -18. Suppose 3*j + g - 62 = 0. What is the remainder when 61 is divided by j?
13
Let p(r) = 2*r + 114. Let y = 108 - 120. Calculate the remainder when p(y) is divided by 16.
10
Suppose -12*h - 20*h = h - 1881. Calculate the remainder when 3419 is divided by h.
56
Let j = 21499 - 20913. Calculate the remainder when 1792 is divided by j.
34
Let u(l) = l**3 - l**2 - 9*l + 4. Let o(a) = 3*a**3 - 7*a**2 + 3*a + 2. Let c be o(2). Calculate the remainder when 94 is divided by u(c).
14
Let j(s) = s**3 + 67*s**2 + 114*s - 391. Calculate the remainder when j(-65) is divided by 13.
12
Let r be (-8 + (-84)/(-16))*-8. What is the remainder when 38 is divided by -4 + r/(-33)*42/(-4)?
2
Let f = -467 - 420. Let m = f - -891. What is the remainder when 4/6 + (-49)/(-3) is divided by m?
1
Let u be (-4)/(-3) - (-3)/(-9). Let i be (u/2)/((-3)/(-504)*2). Suppose l - 9 = i. Calculate the remainder when l is divided by 18.
15
Suppose -4*p = 5*l + 45, 4*p + 7*l + 40 = 3*l. What is the remainder when 281 is divided by (9*p/(-135))/(1/213)?
68
Let h(r) = -3*r**3 + 19*r**2 - 30*r + 175. Calculate the remainder when 217 is divided by h(6).
0
What is the remainder when 370 is divided by ((-63)/(-15))/(1427/(-130) - -11)?
6
Let m be (-5)/(-10) + 9/6 - -16. Let b(d) = 4*d**2 - 26*d**3 - 19*d**2 - 28 + 60*d**3 - 33*d**3 + m*d. What is the remainder when 83 is divided by b(14)?
27
Let b = 451 + -276. Suppose -3*l = -8*x + 10*x - b, -2*l - 2*x = -114. Calculate the remainder when 791 is divided by l.
59
Suppose 1698 = 3*x + 4*t, 5*t = -253*x + 252*x + 566. Calculate the remainder when x is divided by 143.
137
Let i = -274 + 274. What is the remainder when (i + (-18)/15)*(-160)/2 is divided by 21?
12
Suppose 16*i - 88 = 26*i - 21*i. Calculate the remainder when 95 is divided by i.
7
Let u = 4253 + -3978. What is the remainder when 804 is divided by u?
254
Suppose 432 = 12*c - 3*g - 18, -3*g = c - 18. Calculate the remainder when 190 is divided by c.
10
Let b(x) = -4*x + 1. Let h be b(-2). Let f = 1055 + -1041. Suppose -2*z - w + h = -30, -f = -z + 5*w. Calculate the remainder when 32 is divided by z.
13
Suppose -12*z - 727 = 749. What is the remainder when (-2)/(6/(-59)) + 82/z is divided by 10?
9
Let x = -3472 - -3484. What is the remainder when x is divided by 3?
0
Suppose 3*r - 2*t = 554, -2*t + 118 + 80 = r. Calculate the remainder when r is divided by 121.
67
Let m = 7765 - 7399. What is the remainder when m is divided by 161?
44
Let z(i) = -53*i**2 - 138*i + 6. Calculate the remainder when 365 is divided by z(-2).
15
Let y(i) = 0 + 2*i - 1 - 4*i - 1. Let u(h) = 17*h - 3. What is the remainder when u(2) is divided by y(-5)?
7
Let c = 252 - 147. Suppose 0 = 3*a + 4*z - z - c, 3*z = -3. What is the remainder when 193 is divided by 2/(-18)*-439 + a/162?
46
Let w(p) = -p**3 + 57*p**2 - 47*p + 359. What is the remainder when w(56) is divided by 50?
13
What is the remainder when (-47 + 4)*-23 - (-3 - -1 - 3) is divided by 494?
6
Suppose 4*v = 2*j + 42, 2*v = -2*j + 48 - 72. Let p(n) = -n - 10. Let u be p(-6). Calculate the remainder when 38 is divided by (j/12)/(u/64).
18
Suppose 0 = -3*z + 2*z + 5. Suppose -5*i + 4*k = -159 + 17, -201 = -2*i - 19*k. What is the remainder when i is divided by z?
4
Let l be 240/21 + (-24)/(-42). Let j be (l - 13) + -1 + 22. Suppose 2*f + j = 4*f. Calculate the remainder when 56 is divided by f.
6
Suppose 253685*m = 253712*m - 783. Let f = 17 - 12. Suppose -f*x + 58 = -17. What is the remainder when m is divided by x?
14
Calculate the remainder when ((-3258)/5)/(-3) + (-560)/50 + 10 is divided by 40.
16
Suppose -9*g - 4*q = -14*g + 35, 0 = -16*g + 3*q + 161. Calculate the remainder when 1121 is divided by g.
10
Let n = 103282 - 53497. What is the remainder when n is divided by 27?
24
Suppose 3*r - 797 = -2*l, 3*l - 13*r = -9*r + 1255. What is the remainder when l is divided by 18?
13
Let x(l) = 5*l**2 - 845*l + 1753. Let g = -30 + 42. What is the remainder when x(167) is divided by g?
11
Suppose -20*f + 10*f + 666 + 94 = 0. What is the remainder when 170 is divided by f?
18
Suppose -59 = 17*v - 688. What is the remainder when 67 is divided by v?
30
Let y = 103 + -103. Suppose 0 = -4*z - 20, -z = -o + 5*o - 3. Suppose -o*k = -y*k - 62. What is the remainder when k is divided by 16?
15
Suppose -989*o + 997*o - 8 = 0. Calculate the remainder when 82 is divided by o.
0
Suppose l + 7*l - 32 = 0. Suppose -l*o + 77 = -107. Calculate the remainder when o is divided by 27.
19
Let y = 1869 + -1658. What is the remainder when y is divided by 16?
3
Suppose -67*v = 14*v + 2820 - 3549. Suppose 0 = -4*o - o + 235. Calculate the remainder when o is divided by v.
2
Suppose 0 = -107*h + 2012 + 17514 + 6796. What is the remainder when h is divided by 19?
18
Let v = 40 - 34. Suppose 0 = 2*y - 8 - 4. Let p = y - -13. What is the remainder when p is divided by v?
1
Calculate the remainder when 976 is divided by (1547/52)/(-17)*-156.
157
Suppose 0 = -29*j + 149 + 1388. What is the remainder when j is divided by ((-42)/28)/(6/(-124))?
22
Suppose 8*h = 834 + 926. What is the remainder when 12 is divided by -4 + 34/9 - h/(-18)?
0
Let r(y) = -y**3 - 19*y**2 - y + 58. Let c(u) = u**2 + 18*u + 58. Let p be c(-11). Calculate the remainder when r(p) is divided by 20.
17
Let g = 111851 - 111716. Let c(m) be the first derivative of -m**4/4 + 7*m**3/3 - 2*m - 2. Calculate the remainder when g is divided by c(4).
43
Let r(w) = w**2 - 161*w + 2086. Calculate the remainder when 851 is divided by r(14).
11
Calculate the remainder when (84 - (1 + -2))*(-15360)/(-6400) is divided by 41.
40
Suppose 2*z + 70 = 4*z. Let l = -465 + 798. Let b = -194 + l. Calculate the remainder when b is divided by z.
34
Suppose -2*s - 3*y = -91, 5*s + 250 = 10*s + 3*y. What is the remainder when 519 is divided by s?
42
Suppose 0 = m - 3*s + 1117 - 3663, -27 = 3*s. Calculate the remainder when 2524 is divided by m.
5
Let u = -155 - -162. Let d(g) = 13 + 1 + 3 - g**2 + 8 - 19*g. Calculate the remainder when u is divided by d(-20).
2
Let l = 6055 - 4792. Calculate the remainder when l is divided by 14.
3
Let q(i) = 11*i**2 - 3*i. Let c(t) = -6*t**2 + 14*t + 101*t - 11 - 13 - 13 - 22*t. Calculate the remainder when q(2) is divided by c(15).
6
Suppose -3895 = 274*o - 31*o - 45934. What is the remainder when 320 is divided by o?
147
Let a = 13997 - 13876. What is the remainder when 5806 is divided by a?
119
Let i = -17847 - -18073. What is the remainder when 4966 is divided by i?
220
Suppose -5*k - 40 = 720*h - 725*h, -5*h + 60 = 5*k. Calculate the remainder when 362 is divided by h.
2
Let c(u) = 12*u**2 + 70*u - 70. Calculate the remainder when 5625 is divided by c(1).
9
Suppose 796*i - 217*i - 9264 = 0. Let r = -27 - -73. Calculate the remainder when r is divided by i.
14
Let l(n) = 866*n**3 + 3*n**2 - 5*n + 1. Let o be l(1). Suppose -o - 165 = -2*i. Calculate the remainder when i is divided by 43.
42
Let b(g) = -3*g**3 + g**2 + 4*g + 5. Let z be b(-2). Suppose 0*t + 3*t = -i + 1, 5*i - z = -5*t. What is the remainder when i is divided by -5*4/(12/(-3))?
2
Let s = -363 - -775. Let o = s - 301. Let a(k) = -k**2 + 14*k - 10. What is the remainder when o is divided by a(11)?
19
Suppose -2*t - 151 = a - 183, 5*t + 3*a = 81. Let f = 6 - -36. What is the remainder when f is divided by t?
12
Suppose 564*m - 2584 = 488*m. What is the remainder when 85 is divided by m?
17
Let t = 87 - 79. Suppose 0 = -12*a + t*a - 16, 4*a = 4*k - 356. What is the remainder when k is divided by ((-2)/(-6))/((-6)/(-396))?
19
Let a(k) = -7*k + 6. Let p be a(9). Calculate the remainder when (p + -1)*1/(-6)*3 is divided by 5.
4
Suppose 486 = -8*c + 17*c. Let n = c - 34. Let h = 126 + -50. Calculate the remainder when h is divided by n.
16
Suppose -2*f - 16 = -2